49 - 67. Suppose 0*w = -z*w - 18. Calculate r(w).
22
Let y(f) = 2*f**2 + 57*f - 118*f + 59*f + 10 - 3*f**2. Suppose 0 = 4*l - 4*q + 32 + 12, -2*l + 7*q = 37. What is y(l)?
-38
Suppose -3*s + s + 214 = 0. Suppose -209 = 3*p + 124. Let u = s + p. Let r(g) = -g**3 - 3*g**2 + 5*g + 6. Calculate r(u).
2
Let g(b) = 21*b - 31. Let s = 4928 + -4926. Determine g(s).
11
Suppose -5*l - 55 = -16*l. Suppose 2*x + 2*b - 18 = 0, -x + 0 + 13 = l*b. Let g(p) = -p - p + 5*p + 4*p + x - p**2. Determine g(6).
14
Let z(x) be the third derivative of -x**5/60 + x**4/4 + 463*x**2. Determine z(5).
5
Let g(d) = -2*d - 14. Let j(a) = -2*a - 16. Let x be 2/(3*6/(-18)). Let b(w) = x*j(w) + 3*g(w). Suppose -t - 16 = -4*s, -3*t - 26 = -5*s + 4*s. What is b(t)?
6
Suppose 17 - 19 = -a. Let b be (-2 - (3 - 6)) + 3. Let k(z) = -z + 12 - b*z**2 + a*z**3 - 7 - z**3. Calculate k(4).
1
Suppose 5*t - 4891 + 4841 = 0. Let o(s) = -20*s**3 + 30*s**2 - 3*s + 38. Let x(q) = 7*q**3 - 10*q**2 + q - 13. Let u(r) = -6*o(r) - 17*x(r). What is u(t)?
3
Let u(z) = -5*z + 34 + 7 + 24 - 20 + 3. Calculate u(9).
3
Let u(b) = -5*b - 35. Let f = 500 + -500. Suppose -2*w + 16*w + 98 = f. Determine u(w).
0
Let k(z) be the second derivative of z + 1/3*z**3 - 12 - 9/2*z**2. Let a(r) = r**3 - 4*r**2 + 3*r - 3. Let j be a(4). Determine k(j).
9
Let x(h) = -h - 9. Let g be -141 + 133 - 4/(-2). Calculate x(g).
-3
Suppose -4*u + 0*u - 24 = 0. Let v(q) be the second derivative of -q**3/2 - 4*q**2 - q - 13. Calculate v(u).
10
Let j(x) = 18*x**2 + 3*x**2 + 17 - 7*x**2 + 3*x - 15*x**2. Determine j(5).
7
Let b = -599 - -599. Let d(x) = b - 4 + 2*x**2 - 6*x - x**2 + 0 + 19. What is d(6)?
15
Let z(o) be the second derivative of o**3/3 - 5*o**2/2 + 7*o. Let x be 6/(30/13)*-5. Give z(x).
-31
Let j(f) = -f**3 + 9*f**2 + 11*f - 5. Let n be 125*(3/30)/(1/4). Suppose -3*v - 2*v = -n. Calculate j(v).
5
Let s(c) be the third derivative of c**7/1260 + c**6/720 - c**5/30 + 17*c**3/6 + c**2 - 5*c. Let z(u) be the third derivative of s(u). Calculate z(-2).
-7
Let a = 1 + 5. Let h(k) be the third derivative of k**5/60 - 7*k**4/24 - k**3/3 - 20*k**2 - 47. Calculate h(a).
-8
Let o(p) = 6*p**3 + 47*p**2 + 774*p - 25. Let n(f) = -13*f**3 - 92*f**2 - 1549*f + 51. Let k(j) = 5*n(j) + 11*o(j). Determine k(-22).
2
Let w(s) = 13*s + 2. Suppose 85 = 4*y + 73. Let k(m) = 24*m + 3. Let n(o) = y*k(o) - 5*w(o). Give n(-2).
-15
Suppose 2*b + 0*b - 4 = 3*u, -16 = -3*b + 2*u. Let m be (b/(-22))/(-2) + 44/(-242). Let y(h) = 3*h**2 - 2 - h - 3*h**2 + h**3. What is y(m)?
-2
Let u(i) = 0*i - 5*i**2 - 1 - 3*i + 139121*i**3 - 139122*i**3. What is u(-4)?
-5
Let x(v) = v**2 + 10 - 3*v**2 - v**3 - 24*v - 13*v**2 + 9. Suppose -348 = 88*t + 659 + 137. Give x(t).
-7
Let n(j) = -11*j - 98. Suppose 3*v = -3*r - 12, -5*r - 29*v - 65 = -33*v. What is n(r)?
1
Suppose -21*c = -28*c - 126. Let n be c/(-15) - 4/(-5). Let o(r) = -r**3 + 2*r**2 + 2*r - 2. Calculate o(n).
2
Let z(n) = -n**2 - 9*n - 7. Let r(g) = -2*g**2 - 13*g - 6. Let c(o) = 2*r(o) - 3*z(o). Calculate c(-3).
-3
Let g be 9/(-126) - (-8)/12*(-30)/(-84). Let q(k) be the second derivative of -1/12*k**4 + 0 - 12*k - 2*k**2 - g*k**3. Determine q(0).
-4
Let m(z) = 3*z + 1. Let l = 212 - 185. Let r = 28 - l. What is m(r)?
4
Let o(r) = r**3 + 18 - 48*r**2 - 20*r**2 + 52 + 0*r**3 + 87*r**2 + 83*r. Give o(-13).
5
Let h(z) = 2*z**3 - 2*z**2 - 4*z + 4. Suppose -12*p - 48*p + 46320 = 0. Let f = p - 769. What is h(f)?
28
Suppose -2*s = -3*s + 3*z - 4, -s - z + 8 = 0. Let w(o) = 8*o**2 + 1 + 173*o - 9*o**2 + 175*o - 520*o + 3 + 175*o. What is w(s)?
-6
Let c(r) = -58*r**2 - 59*r**2 - 3*r - 2 + 180*r**2. Determine c(-1).
64
Let v = 204 - 208. Let w(l) = 2*l**2 + 8*l + 3. Determine w(v).
3
Let w(n) = -6*n**3 + 185*n**2 + 31*n - 11. Let t be w(31). Let o(m) = m**3 + 8*m**2 - 16*m + 15. Determine o(t).
-172
Let d(j) = -4*j**3 + 9*j**2 - 3*j + 30. Let q(l) = 3*l**3 - 6*l**2 + l - 27. Let w(p) = 2*d(p) + 3*q(p). Determine w(0).
-21
Let q(l) be the first derivative of l**3/3 - 25*l**2/2 - 40*l + 4915. Calculate q(26).
-14
Let i = -390 - -396. Let b be ((-46)/i + 6)*3 - -2. Let z(j) = -j**3 - 4*j**2 - j + 2. What is z(b)?
-4
Let m(o) be the third derivative of -1/12*o**4 - 5/6*o**3 + 1/12*o**5 - o - o**2 - 1/120*o**6 + 0. Give m(4).
3
Let c = -541 - -544. Let h be 0 - (-12)/(-18)*(0 + c). Let v(q) = 4*q**2 - 2*q - 1. What is v(h)?
19
Let p(w) be the first derivative of -w**3 + 5*w**2/2 + 9*w + 2538. Give p(3).
-3
Let b(u) = -2*u**2 + 3*u - 1. Let t = 477 + -475. Suppose 3*q = -t*v + 6, 4*v - 4*q = -0 + 12. What is b(v)?
-10
Let j(u) = u**3 + 4*u**2 + 19*u**2 + 95*u - 13*u + 1 - 6 + 20*u**2. Give j(-41).
-5
Let j(a) = -2*a**2 - 18*a - 12. Let p be 14/(-4)*(-40 + 42). What is j(p)?
16
Let r = 2 + 1. Let m(s) = 5*s**2 + s**r + 3 + 12 - 9 - 2*s**3 + 2*s. Let q(p) = 8*p - 51. Let i be q(7). Give m(i).
16
Let m be (76/(-16) + 4)/((-3)/4). Let n(b) = b + m - 2 - 7. Calculate n(-7).
-15
Let s(i) = -i**2 - 32*i - 17. Let p(y) = y**2 + y + 1. Let z(n) = 2*p(n) + s(n). Let a(k) = -k**2 + 33*k + 14. Let d(v) = -3*a(v) - 4*z(v). Determine d(22).
-4
Let c(h) = h**2 + 2*h + 7. Let n(q) = q + 3. Let l be n(-9). Let j(i) = -i**2 - 2*i - 6. Let r(s) = l*j(s) - 5*c(s). Let t be (4/5)/((-10)/25). Determine r(t).
1
Let g be 4*((-55)/(-22))/((-2)/(-4)*10). Let v(s) = -26*s + 9. Determine v(g).
-43
Let i(g) = -16*g**2 - 7*g - 6. Let u(x) = 10*x**2 + 4*x + 4. Let o(k) = -6*i(k) - 11*u(k). Give o(-2).
-60
Let v be (-1)/(-4) - 12/48. Suppose 10 = c - v*c. Suppose -q + 19 = -4*p, 3*q + 18 = -5*p - c. Let f(k) = k**2 + 6*k. Determine f(p).
-5
Let w = 75 + -73. Let u(r) = -2*r**w + 0*r**3 + 2*r**2 + r**3 - 13 + r. Let z(c) = c**3 + c**2 - 2*c - 2. Let g be z(-1). Calculate u(g).
-13
Let k = -488 + 516. Let x(g) = g**3 - 26*g**2 - 57*g + 35. Give x(k).
7
Let a = -2 - -1. Let f(c) = -4 - 5727*c + 3598*c + 2128*c. Calculate f(a).
-3
Let g(k) = -50 + 53 - 8*k + 0*k. Suppose -2*h - 10 = 3*h. Let t be -2*h/4 - -2. Give g(t).
-21
Let o(h) = -h - 21. Suppose 31*w = 34*w + 2049. Let z = -690 - w. Determine o(z).
-14
Let h = -6204 - -6191. Let g(w) be the third derivative of -w**5/60 - 13*w**4/24 - 5*w**3/2 + 19*w**2. Calculate g(h).
-15
Let j = 2621 - 2626. Let n(m) = m**2 + 7*m + 16. Calculate n(j).
6
Let k(u) be the third derivative of u**5/30 + 19*u**4/24 - 8*u**3/3 + 74*u**2 - 7*u. Calculate k(-10).
-6
Suppose -36 = -0*a + 4*a. Let p(r) be the third derivative of r**5/60 + 5*r**4/12 + 7*r**3/6 - r**2 - 143*r. Give p(a).
-2
Let p(w) = w. Let c be p(-3). Let v(j) be the third derivative of -3*j**4/8 - 2*j**3/3 - 2*j**2 - 2*j + 252. Give v(c).
23
Let x(d) = 4*d**3 - 2*d**2 + 106*d + 32. Let c(w) = w**3 + 2*w**2 + 20*w + 1. Let o(l) = 5*c(l) - x(l). Calculate o(-12).
45
Let l(a) = -3*a**3 + 14*a**2 + 4*a - 21*a**2 - 14 + 4*a**3. Let m(f) = 2*f**3 - 14*f**2 + 8*f - 27. Let s(h) = 11*l(h) - 6*m(h). Give s(6).
20
Let d(l) = -735*l - 6606. Let w be d(-9). Let b(n) = n**2 + 22*n - 291. What is b(w)?
-12
Let u(b) = b**3 - 6*b**2 - 2*b + 6. Let d = -114 + 162. Suppose -59*l + d = -58*l. Let x = l + -42. Determine u(x).
-6
Suppose -3*n = 44 + 10. Let c be n/(-7) - 3 - (-3)/7. Suppose 11*a - 14*a - 15 = c. Let d(z) = z**3 + 5*z**2 - z - 2. What is d(a)?
3
Let f(y) be the third derivative of 0 + 2/3*y**3 - 1/10*y**5 + 136*y**2 + 0*y + 1/24*y**4 - 1/120*y**6. Determine f(-6).
-2
Let a(i) = 2*i**2 + 26*i + 84. Let p be a(-7). Let c be (-5 - 2) + (12 - p). Let m(f) = -5*f - 3. Give m(c).
-28
Let d(r) = -4*r**2 + 9*r + 10. Let v(h) = 2*h**3 + 186*h**2 + 172*h - 1100. Let w be v(-92). Determine d(w).
-18
Let o(a) = -3*a - 5. Let d be o(-3). Suppose -d*i + 14 = -6. Let r(c) = -5 - i - 11*c + 4*c + 4 - c**2. Determine r(-5).
4
Suppose p = -5*w + 304, -6 = 3*w - 5*w. Suppose -284*y + p*y = 30. Let d(l) = l**3 - 6*l**2 - 1. Determine d(y).
-1
Let x(n) = -13*n**2 + 15*n - 8. Let m(j) = 2*j**2 - 137*j + 69*j + 67*j. Let r(p) = 6*m(p) + x(p). Determine r(6).
10
Let g(b) = -b**2 + 42*b + 339. Let c be g(49). Let r(i) = 11*i + 43. What is r(c)?
-1
Suppose 3*h - 18 = 0, -5*h + 15 = -4*w - 39. Let i(b) = 7*b + 16. Determine i(w).
-26
Let f(i) be the first derivative of i**3/3 + 5*i**2/2 + 4*i - 1158. Determine f(-3).
-2
Let t = -6313 - -6313. Let s(d) be the third derivative of 0*d + 